{"id":824,"date":"2022-02-24T14:45:04","date_gmt":"2022-02-24T13:45:04","guid":{"rendered":"https:\/\/ovigor.pl\/?page_id=824"},"modified":"2024-11-14T17:14:10","modified_gmt":"2024-11-14T16:14:10","slug":"galerie-video","status":"publish","type":"page","link":"https:\/\/ovigor.pl\/?page_id=824&lang=de","title":{"rendered":"Galerie \/ Video"},"content":{"rendered":"\t\t<div data-elementor-type=\"wp-page\" data-elementor-id=\"824\" class=\"elementor elementor-824\">\n\t\t\t\t\t\t<section class=\"elementor-section elementor-top-section elementor-element elementor-element-f214161 elementor-section-boxed elementor-section-height-default elementor-section-height-default\" data-id=\"f214161\" data-element_type=\"section\" data-e-type=\"section\">\n\t\t\t\t\t\t<div class=\"elementor-container elementor-column-gap-default\">\n\t\t\t\t\t<div class=\"elementor-column elementor-col-100 elementor-top-column elementor-element elementor-element-f216bab\" data-id=\"f216bab\" data-element_type=\"column\" data-e-type=\"column\">\n\t\t\t<div class=\"elementor-widget-wrap elementor-element-populated\">\n\t\t\t\t\t\t<div class=\"elementor-element elementor-element-ef62adb elementor-widget elementor-widget-text-editor\" data-id=\"ef62adb\" data-element_type=\"widget\" data-e-type=\"widget\" data-widget_type=\"text-editor.default\">\n\t\t\t\t<div class=\"elementor-widget-container\">\n\t\t\t\t\t\t\t\t\t<p>F\u00fcr Sie, liebe Taubenbegeisterte, haben wir einige Filme gedreht! Darunter finden Sie Fachberatung, Berichte von verschiedenen Veranstaltungen und Messen, Pr\u00e4sentationen unserer Produkte und Videos von Fl\u00fcgen. Wir haben bereits \u00fcber 30 Videos auf unserem YouTube-Kanal! Jeder wird etwas f\u00fcr sich finden.<\/p><p>Bitte lehnen Sie sich zur\u00fcck und genie\u00dfen Sie<a href=\"https:\/\/www.youtube.com\/playlist?list=PL8kw6vogzjsgv15dJ9c46Mxbq_y2pQZmX\"><img decoding=\"async\" class=\"alignleft\" src=\"data:image\/png;base64,iVBORw0KGgoAAAANSUhEUgAAAPoAAAA4CAYAAADUzOWCAAAABGdBTUEAALGPC\/xhBQAAACBjSFJNAAB6JgAAgIQAAPoAAACA6AAAdTAAAOpgAAA6mAAAF3CculE8AAAACXBIWXMAAA7EAAAOxAGVKw4bAAAABmJLR0QA\/wD\/AP+gvaeTAAAAB3RJTUUH4QocCCsXugO7FwAAACV0RVh0ZGF0ZTpjcmVhdGUAMjAxNy0xMC0yOFQwODo0MzoyMyswMDowMK\/IU00AAAAldEVYdGRhdGU6bW9kaWZ5ADIwMTctMTAtMjhUMDg6NDM6MjMrMDA6MDDelevxAAAT2ElEQVR4Xu2dCYwURReAHyOn9wUiAgILgjdeKB6gGI3ghYK3iERYRRfxjgYD+qvxiEeCRg2gYrwPVtQoKjGCStB4goKiKAh4IB6A4K3791dd7fbUVvUcO7szs9SX1G53dXfNTFe9qlevql41qwmQfFizRuS778KwbJnIqlUiqZRIs2YiP\/8ssnp1+H\/t2jDu779F1q8X+f13kd9+q\/3\/558if\/0VBo7\/+Ufk339r\/\/Ms6W60Ufi\/eXORFi1EWrYM\/7dqJbLxxiJt2qQHfhbXttpKZOutw0AaxLduLdK1q0jnzuG9HHs8TZjMgj5zpsisWSKzZ4u8804ojE2ZXr1E+vcX6dFD5NJLdaTHU964BX3yZJHKSn2yAUNrT2VXUaEjPBsqzz77rFRVVQVKYqAlxmgWaJ3fBZrtSy+9JHvttZeOLS0CXdhC+\/ZeyCOWLBHp3l1kxAgd4dlQ+Tvofq5bty7odf4e9Dp\/SwvE\/0tXs0SpK+j0Y1eu1Cee\/5g6VaRvX32SHe+++66q7V2B1iEbLg26ELbno\/Diiy\/qO0ufRx991PobChUaEtJv3rx5ICIbqf9R4JzQ0J9fH9JV906dRFas0CceK9dfLzJunD7JDAWhZ8+eYvaQaB222247eeONN3SMm4EDB8rixYulBcbHGKlUShYsWFAn7VKGSmn48OHSrl27gn5v3sWnn36q3mtDUV1dLeeee65su+22OqaWr7\/+WmbNmiV77723jiktalv0J57wQp4NV18djghkyWmnnaZUO9Q6CnYUqADefPNNfVcy9P24P\/484ddff5XBgwfru8oH3oX5PuobojQ9dmoF\/dRT9YEnI2efrQ8yc+ihhypBt6l1LVu2lG+\/\/Vaf2Vm7dq1qrWzP01c87LDD9JnH4yYU9Hnz1D9Pljz8sD7IzDnnnKMssqag0gpts802Sh1M4olA02rbtq26Pw7pUUlceOGFOqa8aIj+bEOk2VQIBT1DYfNYWLRIH2SmS5cudfqOCC4t+scff6xj7Lz\/\/vvSunXrOoL+T9B9oAIoN9BCfvrpJ1X5rVy5sk6gO+ICQV61apX1OYJX3d2ExrhAvVQTYjzZk4NRbuzYsTJ9+nTZmBl8MRBW+Oyzz9R\/Gz169FAFHKtuBFmGwBxzzDFy11136djyAAF\/6623VOVl0qZNG3nwwQeVUYtKMN5Cc7xixQp5+umn1e83Kz745Zdf5KSTTtJnhaecjXGhoHuVJ3dGjgwnFWXB66+\/Lscdd5xsv\/32OiaEvvfChQuthTaCAr7LLrvUaa0QmCeffFKOOOIIHdM0mDBhgkydOlUJvSnon3zySeK7amiahtXdkxuB8GZLv379ZM2aNWkFFxDezTffXN5harGFOXPmyBZbbFFHyEln9erVTU7IIdJyXPzZ1KdgNxAptfjEkzsJ6raNww8\/XP744w99VguC\/vLLL+uzdGbOnKmum60Y6WDN93iyJSVffaUPPQ3JkUceaRV0JsFgcLNBX5brpiZAq3bUUUfpM48nMyn56CN96MmZHCbOMMzGcJgptBidXC068VyPw\/PffPONjMRG4PFkSUq+\/14fFomg0JYtCxfqg8wwZk7rbPa3McjZhpTo09vmT\/M8s+RIL4nPP\/9cbrvtNqmsrJQTTzxRjj32WBkyZIhcfPHFcs899yirvadhwdB6ySWXyIABA6RPnz7KIHs9ozV5wqjCzTffLCeffLLsu+++ati2oqJC9t9\/fzUD89Zbb1X32EgFpUkfFgks0fRBr71WR5QRP\/6oD7LjjDPOUOp7vM\/NMVbc5557TseEYFEn3ryX58866ywdU5fHH39cVQJY6hH0V155RT788EM1J54uwrRp04JXfa2yau+5556yfPly\/aQbhviokFq1apUWTMt4HOa0c41hNPM54gs50YffmfRZl112mb4zHdcz0XP14eCDD5bddttNDQd+FXSPmTvAnAkqWdJ+6qmn9J2ZIc\/79u2r7DUTJ05UxlsaArQ9GoMfg3JIN+\/2229X9xx00EFp5QZSgT6pD4vM+PGhwA8cqCPKgMWL9UF2ULPTepuFiPF1huDifPDBB3UmyvDc+vXrlWHPxgEHHKC6CEykQTix2COMUeElvU022UStp955553Vd+ncubPcfffdOgU7O+ywg3Tr1s0aXPA5W265pfUZPpPvVigo3O3bt7d+VseOHWVrvAtZoPKyPUPI5\/tFGhv5RPeqV69e6j0gkFwjD\/iuVMK0ytmsdfjiiy9UvjFRiDzjec7jq+ZImzi+M\/cw9MpvY2QmIlVyC1lYcska8AyqaUmQ47ujRf8+6CqZgk5Gvf322\/os5LXXXqszaYTMI8NPtaxLoMZnQglCxDNmjW7CdQoLhe6CCy5QY8C5ks1nmPdkeiZfbJ+VCdf9+aQFnTp1kk033VR22mknJdSuNKgMEMhDDjlEx9ihUu\/evbu6lzJipmdLnzjKDSsm4927lPLjVmoEfQ\/54QcJ9B4d0XQg0\/7CP14MMsas3VlySebGwdq+xx576LNaUNfnz58vm222mY5Jh+m39MltBSMqdH5xTP1Aazj99NPVpChaWeYDmPaYOOQFmtcDDzygY+qy3377KUG35Rt5ymIp20gOUNmzDPqaa65R5ynllLFUGTKENyIyZoyOKDGMljkbmLZqm\/RB60prDQgtLYNZUMhUDDomGGJoyW0wB5y0EGRafFvhoyCh4l555ZU6xpMrdJEWLVqkKmemNKNK04\/+GQepDsiXZ555Rp+lQ3+edMzKHljRiApPxYLrqiWBBmxqiYAqf8MNN6jj8pgwM3FiKPAHHqgjSoQ8ZmnRN8MwEwdBo0WIPMXMmDFDZaTJD4GWg1DHwWOLywKPe6MzzzxT9ffvv\/9+dc5n24SdviRGLU\/+UFljGKOlpbKmr3z00UcrFdwG6v3zzz+vz9LBgk5XwGzN0QZp5d977z258cYblXEV5yVffvllHWHnHO1i6dKlZSLoEXPmYKUK3V2VAroFzgWGRRC4eKaQmbQIWMchahlMKED0qePgsJBKwSwQpE8LjpU2zh133KFaGhP6\/xQKPtuTH7TAaGXxvLvvvvucIxtRGTDzDljcg1ZgQmV\/yy236LMQVPwOHTpYV0gyckNlwiCuji4TevcOfcRnuaCkQcnTvjFo0KC0vhUZTmuAjzmgv06\/PQ73ow2YoPrRMsQrDuB+XFCZ0MKjzpv3Uyhw78Swnid3qLwZtrSB8dQ2b4F3jnrN0FgcVHPyx8wjKmMqacbNTY4\/\/njVJTQrDSpv8jsVNBM6qsxgZhg\/Kii4RYPNKfKA4TEz4+MGOSa7mC06rbltfjuqnE1oMQbl6nqYQvGRnymZFwi6a9gTCzj5YQohUEmT33GY+0B3zLzf9nwEXS\/bdRoQ+vCpoOrXUWXKQw\/xlsMNFxqbPProMHr0aDXOagooMLOJcfV4pnEf\/T2eizN37lyn2o4aZ1P9gOEfU80DKhcv6Pnjmm3InAau2fKbCp7+dRy6cHTlzHzFtmL6lI9gxIXKxPwMtADsBimlBpc7QW2mVpMxFm2s+W5Q8nx3ZCIZEzeKkalM+sCRBJkZz2SE0mZVZwiOtGyQ6Qyv2MDwZzPIUfuTpqewMFXVNtJCHiOI5nCracOJ4H4s9TaYnGSrvEkfy79fj14kGBqhHx0XaDILQTfHwykk9MFMmDVFixBPIwJBdrXoqIs2bIXLU39Qq6l4XZgCihEVATXzg3x25Z1NAwDSoOJIBdW4jipjMIoF6qhgpGjMKb2Ol54NOI1ATTcz0zasxlTGoUOH6rNaeNZ8Pk7SNRu2guKpP3TFbBpUlD8Y3+KoFjgQdBuueOwrLkGnkmGlgo4qU4YNY+YBFiwd0YjU492xkkz1nRwZF0FGYWnFS42Jq99XH0jPpmZ68ocWnVbbllfEYWiNYzOwRuRaAQBppYI2X5+WGVOm8Atycr1ccOq5MAOreCahQr13uYxyGX\/qA4UiPvTnqT8IoUtb4n2bE2oyCa0Nl+oekVKGrHKCCTN0N0aN0hFFxDG3PFvM8XQbXMc7jQsy15X5+UBaSf1JT+6gVrvgfdvUehvRvePHj1eehS+66CIV2JsP\/\/8uQx2kgk6hPiwDmAKLl81SKYj1XGHHRArUdxdkLN5F8TzqabpkW1FHmgFecnEfzmQpAmveWf3oMr5CShzjciUFTgp4GXPn6ogSIcsMcoFjAtv69AhqbyzwrlVpng0PhJ0+Pwa+eHBZ4yNSYplTXTJMmxYK05136ogSI6FPlC24ebL1tam5UdtZw+7x1JfS7KMvXSqCk3zLkFJJUYBKEm+uptUVaOUx0iS5dU4yvnhKh0LaUbDe051joUwuISUdO+okSoRBg0S6ds3ZH1tR6OZ2pZQtqOW2GU1AAbGtYouIrLOFFHjSSrL6enIHn3Go1rZ8yqUSwEiKdZ1xdybB5BJSjTplNIn\/\/S9U02fM0BFlQEWFPsifTBmdJMTMiitUSxHB52Xq73lyw1yJaGJW5kl5bk6XzZZU0S3YzGSjsE6YoCPKiHqOo9cXrKxJhSIfvKAXnmiPexu8b9NanjQmnu1QnElKir31bocO+qAM6dlTHxQHMj1J0HMtFIXWDjwhOItgwZAJeUcwvdTiS841l8HVzctESizOBj3lAW6YXdMlaUFce41j\/LM9k1RpePJn2bJlieq7eY18BTM\/yLOk2ZB0AZhcxfyMMWPGyFVXXSU33XSTvPDCC4GgO5wKekof3Eq5hubIdDyL2MDdkU2VpLXAp3lTohQqL\/z0kR82wWUKNMuT47CK0VaBk2c2N2AR5B9OJpg8g\/so\/AniOgxfgOUxYaYUMXy3FQPmykduh0ySan8Kg21aJgXF9EkH+fYLG4uk\/i\/XXNOMbe+tIWBfd9637fPII9OFN7u82BxK8ltcjiYjVZ8KhT4\/gb4+ozr4N\/DjKPliWU3W2FDz24SQAkWf0NwUIgmEgsLCNk0mrqEhoDDhZdSE2VuNJUhJ6735Di5LdSErMN6PbYkxVFdXWw2cfDeWIJsrExF0Wm6zAnPlAeBtKO6whLQJ\/EbeT5hS\/\/7qnycHOnXSB8WF3T5sK+AoWLbdVyZNmqQ2GTALDYWCefdsxmhCn9EmSKRBZcM+7iZXXHGFcyukQoMHVJsw85to4fDBZsJOtThmTBKeXOC32pxDokLzjmxEn23TSHDpbP4m7sdrEBt2mDzyyCN1KhruR9DpjnlBzxeLx5digGC6+ulkcHwHFoS1qqpKFXAbqIU2D6MIEulFBTMOquG4ceP0WegNB\/fDqKsIWWPAmgGbEw\/A0IWP9XhlhEAyIzH6XYWAipXND3nf\/HZgRRlTnPGua4MuBX4JbAwbNsw6Y5JKgx1y4\/B59957r9Ku4vA+MMiipYWCHnwZT47suqs+KC6XX365mhLpKuSo1fTXED4Ej5bCBkKOpdYGmzcyu8r2GbRGeCzlGioiBR51lAKJ0DdG\/97lAw8QZH4zHnr4bnzPyZMnqw0QqSBdFViukAaqM9NNedd8DjvGut43UDnZdt4BlqLiUsr2ztlVh\/jevXsrf3QIss22wj0YXk844QQt6JZ+mScBi3\/1YjJy5Mg67ogiEPKuXbsq4aNw2wo1BYICam72EEFhxHJsK3QR7N+GA0v+U8HgZBLvpvi1S3quULj8mgNxtN5oOHw\/tBA2u2S7oh133DHvsekI0o8CthF2WOFzMnVdGF9P2gKbitfc0ol3SaVG+rTWVF5UJraKjt8YdSdqOwePPaYPPBlJ2BivGNBC0Tq4jE5AAbQJAS0yql+mLXxPOeUUVbBsaUA8HuHmO4HLSFZo2EyQz7X1d+PwPVGZ0TjY3gpB5zu6flc28N533313NZzFTjd8h0zpoYWxrjwJKl7SMrtmCDvpY8m3fRbXqfjpz6MZQO1bYStePVDvSWDsWLz96ZPCQGa5QratIVZa+nTU4tTumZ7jOi3gwoUL1ab8bJ6fBAYgFmdkElwqjVGjRiktA2h5ou9DiH5XElyPCnE8RGnYQI0dPHhwuCtJcK8NnuU90U2hUgDUYL5fPP3o80zi1+IBjYDP32effeS6665T79SVB8Rh9Nw16PoNHz5cx7qhQkADQePic2xpAvEEKjHyoE+fPrJgwQJ9NSCoDdJp0YL6wQdb6N5dv6TCEdTaQdLiDJMmTdJ3Zgf3ByqjerZt27Y1gRpZE6jUNUHLpY4J0fVBgwbVBCq9fjI7KioqagLt4L90CRwH\/fOg6LSomT17tr4zpF+\/fmm\/JwpVVVX6jnQCddV6fxTWrVun77Rz\/vnnq\/sCVT3td\/MuiB89erS+M2T69Olp6ceDyZQpU6z3EebNm6fvqqmZP3+++mzi+R7Re2\/fvr2Kq6ys1HdmT3V1dU3QF1fPB4Jf065dO5U2aZKfQRdNXRs6dGjNkiVL9FO1NONPcEM6gTojy5bpE49iwACRV1\/VJ6UPxjPcDKFKotbTijH8gsEM4xq7fOYLW\/rSwqM90KKxkR\/7vGXSChoTNiJkNxxUWL4fmsWIESP01caB9xPtYouYoUpjoKsv7NVGq43dBHtIUImorkNQCes76mIXdAjUuVIzOhUF5iEzHt23r47weMoPt6BHLF7MHq7szi8ybx6r6PWFJgp2CnZsxQnleeeV9+o6j0eTWdCToBII1BLl+mn5ciZLY0lheRTbTTCbP\/yPAYePIZ7AqiosifzHUszMLgLHpMG9\/GfIAOMDaTI3m\/8s96OVZTIGgWMmChBY18t\/jGU8xzPM5WdmEkMdxJM21xDoLl3YGiXsqrTya7A9TRWR\/wPDfEDTr7K0DgAAAABJRU5ErkJgggA=\" alt=\"\" \/><\/a><br \/>und wir empfehlen Ihnen, unseren Kanal zu abonnieren!<\/p><p>Liebe Z\u00fcchter, liebe Z\u00fcchter&#8230;<\/p><p>Wir empfehlen Ihnen, sich einen Kaffee zu kochen und bequem in den Sesseln Platz zu nehmen, denn Sie werden gleich eine ziemliche Show sehen.<\/p><p>Im folgenden Material ein paar Worte dar\u00fcber, was wir tun k\u00f6nnen, um unsere Tauben gesund zu halten und wie wichtig es sp\u00e4ter auf Fl\u00fcgen ist. Diesmal werden unsere Spezialisten jedoch nicht die Hauptfiguren des Films sein. Heute erteilen wir Spezialisten aus der Taubenbranche das Wort, die Ihnen mehr als einen Tipp verraten werden<\/p>\t\t\t\t\t\t\t\t<\/div>\n\t\t\t\t<\/div>\n\t\t\t\t\t<\/div>\n\t\t<\/div>\n\t\t\t\t\t<\/div>\n\t\t<\/section>\n\t\t\t\t<section class=\"elementor-section elementor-top-section elementor-element elementor-element-e416d72 elementor-section-boxed elementor-section-height-default elementor-section-height-default\" data-id=\"e416d72\" data-element_type=\"section\" data-e-type=\"section\">\n\t\t\t\t\t\t<div class=\"elementor-container elementor-column-gap-default\">\n\t\t\t\t\t<div class=\"elementor-column elementor-col-100 elementor-top-column elementor-element elementor-element-d76afae\" data-id=\"d76afae\" data-element_type=\"column\" data-e-type=\"column\">\n\t\t\t<div class=\"elementor-widget-wrap elementor-element-populated\">\n\t\t\t\t\t\t<div class=\"elementor-element elementor-element-28b2f9d elementor-widget elementor-widget-shortcode\" data-id=\"28b2f9d\" data-element_type=\"widget\" data-e-type=\"widget\" data-widget_type=\"shortcode.default\">\n\t\t\t\t<div class=\"elementor-widget-container\">\n\t\t\t\t\t\t\t<div class=\"elementor-shortcode\"><\/div>\n\t\t\t\t\t\t<\/div>\n\t\t\t\t<\/div>\n\t\t\t\t\t<\/div>\n\t\t<\/div>\n\t\t\t\t\t<\/div>\n\t\t<\/section>\n\t\t\t\t<\/div>\n\t\t","protected":false},"excerpt":{"rendered":"<p>F\u00fcr Sie, liebe Taubenbegeisterte, haben wir einige Filme gedreht! Darunter finden Sie Fachberatung, Berichte von verschiedenen Veranstaltungen und Messen, Pr\u00e4sentationen unserer Produkte und Videos von Fl\u00fcgen. Wir haben bereits \u00fcber 30 Videos auf unserem YouTube-Kanal! Jeder wird etwas f\u00fcr sich finden. Bitte lehnen Sie sich zur\u00fcck und genie\u00dfen Sieund wir empfehlen Ihnen, unseren Kanal zu [&hellip;]<\/p>\n","protected":false},"author":1,"featured_media":0,"parent":0,"menu_order":0,"comment_status":"closed","ping_status":"closed","template":"","meta":{"site-sidebar-layout":"no-sidebar","site-content-layout":"page-builder","ast-site-content-layout":"default","site-content-style":"default","site-sidebar-style":"default","ast-global-header-display":"","ast-banner-title-visibility":"","ast-main-header-display":"","ast-hfb-above-header-display":"","ast-hfb-below-header-display":"","ast-hfb-mobile-header-display":"","site-post-title":"disabled","ast-breadcrumbs-content":"","ast-featured-img":"disabled","footer-sml-layout":"","ast-disable-related-posts":"","theme-transparent-header-meta":"","adv-header-id-meta":"","stick-header-meta":"","header-above-stick-meta":"","header-main-stick-meta":"","header-below-stick-meta":"","astra-migrate-meta-layouts":"default","ast-page-background-enabled":"default","ast-page-background-meta":{"desktop":{"background-color":"","background-image":"","background-repeat":"repeat","background-position":"center center","background-size":"auto","background-attachment":"scroll","background-type":"","background-media":"","overlay-type":"","overlay-color":"","overlay-opacity":"","overlay-gradient":""},"tablet":{"background-color":"","background-image":"","background-repeat":"repeat","background-position":"center center","background-size":"auto","background-attachment":"scroll","background-type":"","background-media":"","overlay-type":"","overlay-color":"","overlay-opacity":"","overlay-gradient":""},"mobile":{"background-color":"","background-image":"","background-repeat":"repeat","background-position":"center center","background-size":"auto","background-attachment":"scroll","background-type":"","background-media":"","overlay-type":"","overlay-color":"","overlay-opacity":"","overlay-gradient":""}},"ast-content-background-meta":{"desktop":{"background-color":"var(--ast-global-color-5)","background-image":"","background-repeat":"repeat","background-position":"center center","background-size":"auto","background-attachment":"scroll","background-type":"","background-media":"","overlay-type":"","overlay-color":"","overlay-opacity":"","overlay-gradient":""},"tablet":{"background-color":"var(--ast-global-color-5)","background-image":"","background-repeat":"repeat","background-position":"center center","background-size":"auto","background-attachment":"scroll","background-type":"","background-media":"","overlay-type":"","overlay-color":"","overlay-opacity":"","overlay-gradient":""},"mobile":{"background-color":"var(--ast-global-color-5)","background-image":"","background-repeat":"repeat","background-position":"center center","background-size":"auto","background-attachment":"scroll","background-type":"","background-media":"","overlay-type":"","overlay-color":"","overlay-opacity":"","overlay-gradient":""}},"footnotes":""},"class_list":["post-824","page","type-page","status-publish","hentry"],"_links":{"self":[{"href":"https:\/\/ovigor.pl\/index.php?rest_route=\/wp\/v2\/pages\/824","targetHints":{"allow":["GET"]}}],"collection":[{"href":"https:\/\/ovigor.pl\/index.php?rest_route=\/wp\/v2\/pages"}],"about":[{"href":"https:\/\/ovigor.pl\/index.php?rest_route=\/wp\/v2\/types\/page"}],"author":[{"embeddable":true,"href":"https:\/\/ovigor.pl\/index.php?rest_route=\/wp\/v2\/users\/1"}],"replies":[{"embeddable":true,"href":"https:\/\/ovigor.pl\/index.php?rest_route=%2Fwp%2Fv2%2Fcomments&post=824"}],"version-history":[{"count":3,"href":"https:\/\/ovigor.pl\/index.php?rest_route=\/wp\/v2\/pages\/824\/revisions"}],"predecessor-version":[{"id":8191,"href":"https:\/\/ovigor.pl\/index.php?rest_route=\/wp\/v2\/pages\/824\/revisions\/8191"}],"wp:attachment":[{"href":"https:\/\/ovigor.pl\/index.php?rest_route=%2Fwp%2Fv2%2Fmedia&parent=824"}],"curies":[{"name":"wp","href":"https:\/\/api.w.org\/{rel}","templated":true}]}}