{"id":8359,"date":"2024-11-19T17:05:25","date_gmt":"2024-11-19T16:05:25","guid":{"rendered":"https:\/\/ovigor.pl\/?post_type=product&#038;p=8359"},"modified":"2024-11-19T17:06:28","modified_gmt":"2024-11-19T16:06:28","slug":"ovidachol-3","status":"publish","type":"product","link":"https:\/\/ovigor.pl\/?product=ovidachol-3&lang=de","title":{"rendered":"OviDachol"},"content":{"rendered":"<p><strong>(DE)<\/strong> Erg\u00e4nzungsfuttermittel f\u00fcr Tauben. Bessere Fettverbrennung optimiert die Regenerierung.<\/p>\n<p><strong>Analytische Bestandteile: <\/strong>Feuchtigkeit; 55,0%, Rohprotein; 0,98%, Rohfaser &lt; 0,4%, \u00d6le und Rohfette; &lt; 0,1%, Rohasche; 1,1%, Lysin; 0,0%, Methionin; 1,25%, Natrium; 0,04%<\/p>\n<p><strong>Zusammensetzung: <\/strong>Sorbitol, Natriumchlorid.<\/p>\n<p><strong>Zusatzstoffe pro 1 Liter: Di\u00e4tetische: <\/strong>3c301 D,L \u2013 Methionin; 12\u00a0500 mg, 3a316 Cholinchlorid; 86 250 mg; <strong>Sensorische: <\/strong>2a E110 Gelborange S<\/p>\n<p><strong>Eigenschaften<\/strong>: Es verhindert die Verfettung der Leber und der Nieren und optimiert die Regenerierung. Cholin sorgt u.a. f\u00fcr eine bessere Fettverbrennung. Sorbitol greift in den Proteinstoffwechsel ein und f\u00f6rdert so Muskelaufbau und eine optimale Federentwicklung. Es entgiftet hervorragend das Blut und den gesamten Taubenk\u00f6rper. Schon nach einem Tag bekommen blaue Muskeln wieder ihre gesunde rosarote F\u00e4rbung<em>.<\/em><\/p>\n<p><strong>Dosierung: <\/strong>10 ml \u00fcber 1 Liter Wasser oder 750g Futter<br \/>\nZucht &#8211; 2-3 x w\u00f6chentlich<br \/>\nMauser &#8211; 2-3 x w\u00f6chentlich<br \/>\nnach einem Wettflug &#8211; 1-2 folgende Tage (Anfang der Woche)<br \/>\nnach einer Antibiotikatherapie &#8211; 3-4 folgende Tage<\/p>\n<p><strong><br \/>\nNettovolumen:<\/strong>\u00a0500 ml<\/p>\n","protected":false},"excerpt":{"rendered":"<p>(DE) Erg\u00e4nzungsfuttermittel f\u00fcr Tauben. Bessere Fettverbrennung optimiert die Regenerierung. Analytische Bestandteile: Feuchtigkeit; 55,0%, Rohprotein; 0,98%, Rohfaser &lt; 0,4%, \u00d6le und Rohfette; &lt; 0,1%, Rohasche; 1,1%, Lysin; 0,0%, Methionin; 1,25%, Natrium; 0,04% Zusammensetzung: Sorbitol, Natriumchlorid. Zusatzstoffe pro 1 Liter: Di\u00e4tetische: 3c301 D,L \u2013 Methionin; 12\u00a0500 mg, 3a316 Cholinchlorid; 86 250 mg; Sensorische: 2a E110 Gelborange S [&hellip;]<\/p>\n","protected":false},"featured_media":7569,"template":"","meta":{"site-sidebar-layout":"default","site-content-layout":"default","ast-site-content-layout":"default","site-content-style":"default","site-sidebar-style":"default","ast-global-header-display":"","ast-banner-title-visibility":"","ast-main-header-display":"","ast-hfb-above-header-display":"","ast-hfb-below-header-display":"","ast-hfb-mobile-header-display":"","site-post-title":"","ast-breadcrumbs-content":"","ast-featured-img":"","footer-sml-layout":"","ast-disable-related-posts":"","theme-transparent-header-meta":"default","adv-header-id-meta":"","stick-header-meta":"","header-above-stick-meta":"","header-main-stick-meta":"","header-below-stick-meta":"","astra-migrate-meta-layouts":"set","ast-page-background-enabled":"default","ast-page-background-meta":{"desktop":{"background-color":"","background-image":"","background-repeat":"repeat","background-position":"center center","background-size":"auto","background-attachment":"scroll","background-type":"","background-media":"","overlay-type":"","overlay-color":"","overlay-opacity":"","overlay-gradient":""},"tablet":{"background-color":"","background-image":"","background-repeat":"repeat","background-position":"center center","background-size":"auto","background-attachment":"scroll","background-type":"","background-media":"","overlay-type":"","overlay-color":"","overlay-opacity":"","overlay-gradient":""},"mobile":{"background-color":"","background-image":"","background-repeat":"repeat","background-position":"center center","background-size":"auto","background-attachment":"scroll","background-type":"","background-media":"","overlay-type":"","overlay-color":"","overlay-opacity":"","overlay-gradient":""}},"ast-content-background-meta":{"desktop":{"background-color":"var(--ast-global-color-5)","background-image":"","background-repeat":"repeat","background-position":"center center","background-size":"auto","background-attachment":"scroll","background-type":"","background-media":"","overlay-type":"","overlay-color":"","overlay-opacity":"","overlay-gradient":""},"tablet":{"background-color":"var(--ast-global-color-5)","background-image":"","background-repeat":"repeat","background-position":"center center","background-size":"auto","background-attachment":"scroll","background-type":"","background-media":"","overlay-type":"","overlay-color":"","overlay-opacity":"","overlay-gradient":""},"mobile":{"background-color":"var(--ast-global-color-5)","background-image":"","background-repeat":"repeat","background-position":"center center","background-size":"auto","background-attachment":"scroll","background-type":"","background-media":"","overlay-type":"","overlay-color":"","overlay-opacity":"","overlay-gradient":""}}},"product_brand":[],"product_cat":[197,195,183],"product_tag":[],"class_list":{"0":"post-8359","1":"product","2":"type-product","3":"status-publish","4":"has-post-thumbnail","6":"product_cat-gefieder","7":"product_cat-praevention-und-gesundheit","8":"product_cat-taubenausstellung-vorbereitung","9":"desktop-align-center","10":"tablet-align-left","11":"mobile-align-left","13":"first","14":"instock","15":"shipping-taxable","16":"product-type-simple"},"_links":{"self":[{"href":"https:\/\/ovigor.pl\/index.php?rest_route=\/wp\/v2\/product\/8359","targetHints":{"allow":["GET"]}}],"collection":[{"href":"https:\/\/ovigor.pl\/index.php?rest_route=\/wp\/v2\/product"}],"about":[{"href":"https:\/\/ovigor.pl\/index.php?rest_route=\/wp\/v2\/types\/product"}],"wp:featuredmedia":[{"embeddable":true,"href":"https:\/\/ovigor.pl\/index.php?rest_route=\/wp\/v2\/media\/7569"}],"wp:attachment":[{"href":"https:\/\/ovigor.pl\/index.php?rest_route=%2Fwp%2Fv2%2Fmedia&parent=8359"}],"wp:term":[{"taxonomy":"product_brand","embeddable":true,"href":"https:\/\/ovigor.pl\/index.php?rest_route=%2Fwp%2Fv2%2Fproduct_brand&post=8359"},{"taxonomy":"product_cat","embeddable":true,"href":"https:\/\/ovigor.pl\/index.php?rest_route=%2Fwp%2Fv2%2Fproduct_cat&post=8359"},{"taxonomy":"product_tag","embeddable":true,"href":"https:\/\/ovigor.pl\/index.php?rest_route=%2Fwp%2Fv2%2Fproduct_tag&post=8359"}],"curies":[{"name":"wp","href":"https:\/\/api.w.org\/{rel}","templated":true}]}}