{"id":8370,"date":"2024-11-19T17:23:34","date_gmt":"2024-11-19T16:23:34","guid":{"rendered":"https:\/\/ovigor.pl\/?post_type=product&#038;p=8370"},"modified":"2024-11-19T17:24:09","modified_gmt":"2024-11-19T16:24:09","slug":"oregasoil-2","status":"publish","type":"product","link":"https:\/\/ovigor.pl\/?product=oregasoil-2&lang=de","title":{"rendered":"OregasOil"},"content":{"rendered":"<p><strong>(DE)<\/strong> Erg\u00e4nzungsfuttermittel f\u00fcr Tauben.<\/p>\n<p>Oregano- und Soja\u00f6l mit nat\u00fcrlichem Vitamin E.<\/p>\n<p><strong>Analytische Bestandteile:<\/strong> \u00d6le und Rohfette 96,6%, Rohprotein 10%, Rohasche 1%, Rohfaser 0,0%, Natrium 0,0%, Methionin 0,0%, Lysin 0,0%.<\/p>\n<p><strong>Zusammensetzung:<\/strong> Oregano\u00f6l, Soja\u00f6l.<\/p>\n<p><strong>Eigenschaften: <\/strong>Das Oregano\u00f6l ist ein nat\u00fcrliches Mittel mit milder, vielseitiger Wirkung, mit nat\u00fcrlichem Vitamin E und nat\u00fcrlichem Lecithin. Es wirkt sich positiv auf den Verdauungstrakt aus (regt die Sekretion von Speichel und Magensaft an, verbessert den Appetit, st\u00e4rkt den Magen, verbessert die Verdauung und die Nahrungsaufnahme, wirkt bl\u00e4hungstreibend). Dar\u00fcber hinaus hat es auch positive Auswirkung auf die Atemwege und die Lungenfunktion. Soja\u00f6l ist eine konzentrierte Energiequelle mit Lecithin, welches umgangssprachlich auch Fettkiller genannt wird (es zerschl\u00e4gt die aufgenommenen Fette in kleine Teilchen und verhindert, dass sie sich an Blutgef\u00e4\u00dfe anheften). Es verbessert die Bindung und die Abscheidung von sch\u00e4dlichen (toxischen) Stoffwechselprodukten und verleiht mehr Energie.<\/p>\n<p><strong>Dosierung:<\/strong> 10-15 ml auf 1 kg Futter.<br \/>\nDas ganze Jahr hindurch \u2013 2x w\u00f6chentlich verabreichen.<\/p>\n<p><strong>Nettovolumen:<\/strong> 250 ml<\/p>\n","protected":false},"excerpt":{"rendered":"<p>(DE) Erg\u00e4nzungsfuttermittel f\u00fcr Tauben. Oregano- und Soja\u00f6l mit nat\u00fcrlichem Vitamin E. Analytische Bestandteile: \u00d6le und Rohfette 96,6%, Rohprotein 10%, Rohasche 1%, Rohfaser 0,0%, Natrium 0,0%, Methionin 0,0%, Lysin 0,0%. Zusammensetzung: Oregano\u00f6l, Soja\u00f6l. Eigenschaften: Das Oregano\u00f6l ist ein nat\u00fcrliches Mittel mit milder, vielseitiger Wirkung, mit nat\u00fcrlichem Vitamin E und nat\u00fcrlichem Lecithin. Es wirkt sich positiv auf [&hellip;]<\/p>\n","protected":false},"featured_media":7574,"template":"","meta":{"site-sidebar-layout":"default","site-content-layout":"default","ast-site-content-layout":"default","site-content-style":"default","site-sidebar-style":"default","ast-global-header-display":"","ast-banner-title-visibility":"","ast-main-header-display":"","ast-hfb-above-header-display":"","ast-hfb-below-header-display":"","ast-hfb-mobile-header-display":"","site-post-title":"","ast-breadcrumbs-content":"","ast-featured-img":"","footer-sml-layout":"","ast-disable-related-posts":"","theme-transparent-header-meta":"default","adv-header-id-meta":"","stick-header-meta":"","header-above-stick-meta":"","header-main-stick-meta":"","header-below-stick-meta":"","astra-migrate-meta-layouts":"set","ast-page-background-enabled":"default","ast-page-background-meta":{"desktop":{"background-color":"","background-image":"","background-repeat":"repeat","background-position":"center center","background-size":"auto","background-attachment":"scroll","background-type":"","background-media":"","overlay-type":"","overlay-color":"","overlay-opacity":"","overlay-gradient":""},"tablet":{"background-color":"","background-image":"","background-repeat":"repeat","background-position":"center center","background-size":"auto","background-attachment":"scroll","background-type":"","background-media":"","overlay-type":"","overlay-color":"","overlay-opacity":"","overlay-gradient":""},"mobile":{"background-color":"","background-image":"","background-repeat":"repeat","background-position":"center center","background-size":"auto","background-attachment":"scroll","background-type":"","background-media":"","overlay-type":"","overlay-color":"","overlay-opacity":"","overlay-gradient":""}},"ast-content-background-meta":{"desktop":{"background-color":"var(--ast-global-color-5)","background-image":"","background-repeat":"repeat","background-position":"center center","background-size":"auto","background-attachment":"scroll","background-type":"","background-media":"","overlay-type":"","overlay-color":"","overlay-opacity":"","overlay-gradient":""},"tablet":{"background-color":"var(--ast-global-color-5)","background-image":"","background-repeat":"repeat","background-position":"center center","background-size":"auto","background-attachment":"scroll","background-type":"","background-media":"","overlay-type":"","overlay-color":"","overlay-opacity":"","overlay-gradient":""},"mobile":{"background-color":"var(--ast-global-color-5)","background-image":"","background-repeat":"repeat","background-position":"center center","background-size":"auto","background-attachment":"scroll","background-type":"","background-media":"","overlay-type":"","overlay-color":"","overlay-opacity":"","overlay-gradient":""}}},"product_brand":[],"product_cat":[195],"product_tag":[],"class_list":{"0":"post-8370","1":"product","2":"type-product","3":"status-publish","4":"has-post-thumbnail","6":"product_cat-praevention-und-gesundheit","7":"desktop-align-center","8":"tablet-align-left","9":"mobile-align-left","11":"first","12":"instock","13":"shipping-taxable","14":"product-type-simple"},"_links":{"self":[{"href":"https:\/\/ovigor.pl\/index.php?rest_route=\/wp\/v2\/product\/8370","targetHints":{"allow":["GET"]}}],"collection":[{"href":"https:\/\/ovigor.pl\/index.php?rest_route=\/wp\/v2\/product"}],"about":[{"href":"https:\/\/ovigor.pl\/index.php?rest_route=\/wp\/v2\/types\/product"}],"wp:featuredmedia":[{"embeddable":true,"href":"https:\/\/ovigor.pl\/index.php?rest_route=\/wp\/v2\/media\/7574"}],"wp:attachment":[{"href":"https:\/\/ovigor.pl\/index.php?rest_route=%2Fwp%2Fv2%2Fmedia&parent=8370"}],"wp:term":[{"taxonomy":"product_brand","embeddable":true,"href":"https:\/\/ovigor.pl\/index.php?rest_route=%2Fwp%2Fv2%2Fproduct_brand&post=8370"},{"taxonomy":"product_cat","embeddable":true,"href":"https:\/\/ovigor.pl\/index.php?rest_route=%2Fwp%2Fv2%2Fproduct_cat&post=8370"},{"taxonomy":"product_tag","embeddable":true,"href":"https:\/\/ovigor.pl\/index.php?rest_route=%2Fwp%2Fv2%2Fproduct_tag&post=8370"}],"curies":[{"name":"wp","href":"https:\/\/api.w.org\/{rel}","templated":true}]}}