{"id":8381,"date":"2024-11-19T17:41:18","date_gmt":"2024-11-19T16:41:18","guid":{"rendered":"https:\/\/ovigor.pl\/?post_type=product&#038;p=8381"},"modified":"2024-11-19T17:41:56","modified_gmt":"2024-11-19T16:41:56","slug":"eukalipsor-mint-3","status":"publish","type":"product","link":"https:\/\/ovigor.pl\/?product=eukalipsor-mint-3&lang=de","title":{"rendered":"Eukalipsor Mint\u00ae"},"content":{"rendered":"<p><strong>(DE)<\/strong> Erg\u00e4nzungsfuttermittel f\u00fcr Tauben. Reine Atemwege \u2013 h\u00f6here Leistung bei den Fl\u00fcgen.<\/p>\n<p><strong>Analytische Bestandteile: <\/strong>Feuchtigkeit; 93,6%, Rohprotein; &lt; 0,4%, Rohfaser; &lt; 0,3%, \u00d6le und Rohfette; 13,5%, Rohasche; &lt; 0,1%, Lysin; 0,0%, Methionin; 0,0%, Natrium; 0,0%<\/p>\n<p><strong>Zusammensetzung: <\/strong>Propylenglycol, Sorbitol.<\/p>\n<p><strong>Zusatzstoffe pro 1 Liter: Sensorische: <\/strong>2a E 141 Kupferhaltige Komplexe der Chlorophylle, 2b Eukalyptus\u00f6l, 2b Pfefferminz\u00f6l, 2b \u00d6l der sibirischen Tanne; <strong>Technologische: <\/strong>1c E433 Polyoxyethylen(20)-Sorbitanmono-Oleat, 1a E202 Kaliumsorbat<\/p>\n<p><strong>Eigenschaften: <\/strong>EukalipsorMint unterst\u00fctzt die korrekte Funktion der Atemwege. Es regt die Schleimsekretion an, verd\u00fcnnt den Schleim in den Nasenl\u00f6chern (trockener Schnupfen) und in den Bronchien. In der Reisezeit wird damit die Verbesserung der Belastungsf\u00e4higkeit erzielt.<\/p>\n<p>An hei\u00dfen Tagen sch\u00fctzt EukalipsorMint die Schleimhaut der Atemwege vor \u00fcberm\u00e4\u00dfiger Austrocknung. EukalipsorMint hat unter anderem einen wertvollen Einfluss auf den Widerstand des Organismus der Taube.<\/p>\n<p><strong>Dosierung: <\/strong>10 ml \u00fcber 1 Liter Wasser<br \/>\nEntgiftung nach dem Winter &#8211; 5-7 Tage<br \/>\nJungtauben &#8211; 1x w\u00f6chentlich<br \/>\nReisezeit &#8211; 2x w\u00f6chentlich (Anfang der Woche)<br \/>\nMauser &#8211; 2x w\u00f6chentlich<br \/>\nVer\u00e4nderungen im Bereich der Atemwege &#8211; 10-14 Tage<\/p>\n<p><strong>Netto-volumen:<\/strong> 1000 ml<\/p>\n","protected":false},"excerpt":{"rendered":"<p>(DE) Erg\u00e4nzungsfuttermittel f\u00fcr Tauben. Reine Atemwege \u2013 h\u00f6here Leistung bei den Fl\u00fcgen. Analytische Bestandteile: Feuchtigkeit; 93,6%, Rohprotein; &lt; 0,4%, Rohfaser; &lt; 0,3%, \u00d6le und Rohfette; 13,5%, Rohasche; &lt; 0,1%, Lysin; 0,0%, Methionin; 0,0%, Natrium; 0,0% Zusammensetzung: Propylenglycol, Sorbitol. Zusatzstoffe pro 1 Liter: Sensorische: 2a E 141 Kupferhaltige Komplexe der Chlorophylle, 2b Eukalyptus\u00f6l, 2b Pfefferminz\u00f6l, 2b [&hellip;]<\/p>\n","protected":false},"featured_media":7582,"template":"","meta":{"site-sidebar-layout":"default","site-content-layout":"default","ast-site-content-layout":"default","site-content-style":"default","site-sidebar-style":"default","ast-global-header-display":"","ast-banner-title-visibility":"","ast-main-header-display":"","ast-hfb-above-header-display":"","ast-hfb-below-header-display":"","ast-hfb-mobile-header-display":"","site-post-title":"","ast-breadcrumbs-content":"","ast-featured-img":"","footer-sml-layout":"","ast-disable-related-posts":"","theme-transparent-header-meta":"default","adv-header-id-meta":"","stick-header-meta":"","header-above-stick-meta":"","header-main-stick-meta":"","header-below-stick-meta":"","astra-migrate-meta-layouts":"set","ast-page-background-enabled":"default","ast-page-background-meta":{"desktop":{"background-color":"","background-image":"","background-repeat":"repeat","background-position":"center center","background-size":"auto","background-attachment":"scroll","background-type":"","background-media":"","overlay-type":"","overlay-color":"","overlay-opacity":"","overlay-gradient":""},"tablet":{"background-color":"","background-image":"","background-repeat":"repeat","background-position":"center center","background-size":"auto","background-attachment":"scroll","background-type":"","background-media":"","overlay-type":"","overlay-color":"","overlay-opacity":"","overlay-gradient":""},"mobile":{"background-color":"","background-image":"","background-repeat":"repeat","background-position":"center center","background-size":"auto","background-attachment":"scroll","background-type":"","background-media":"","overlay-type":"","overlay-color":"","overlay-opacity":"","overlay-gradient":""}},"ast-content-background-meta":{"desktop":{"background-color":"var(--ast-global-color-5)","background-image":"","background-repeat":"repeat","background-position":"center center","background-size":"auto","background-attachment":"scroll","background-type":"","background-media":"","overlay-type":"","overlay-color":"","overlay-opacity":"","overlay-gradient":""},"tablet":{"background-color":"var(--ast-global-color-5)","background-image":"","background-repeat":"repeat","background-position":"center center","background-size":"auto","background-attachment":"scroll","background-type":"","background-media":"","overlay-type":"","overlay-color":"","overlay-opacity":"","overlay-gradient":""},"mobile":{"background-color":"var(--ast-global-color-5)","background-image":"","background-repeat":"repeat","background-position":"center center","background-size":"auto","background-attachment":"scroll","background-type":"","background-media":"","overlay-type":"","overlay-color":"","overlay-opacity":"","overlay-gradient":""}}},"product_brand":[],"product_cat":[185,195],"product_tag":[],"class_list":{"0":"post-8381","1":"product","2":"type-product","3":"status-publish","4":"has-post-thumbnail","6":"product_cat-bestseller","7":"product_cat-praevention-und-gesundheit","8":"desktop-align-center","9":"tablet-align-left","10":"mobile-align-left","12":"first","13":"instock","14":"virtual","15":"product-type-simple"},"_links":{"self":[{"href":"https:\/\/ovigor.pl\/index.php?rest_route=\/wp\/v2\/product\/8381","targetHints":{"allow":["GET"]}}],"collection":[{"href":"https:\/\/ovigor.pl\/index.php?rest_route=\/wp\/v2\/product"}],"about":[{"href":"https:\/\/ovigor.pl\/index.php?rest_route=\/wp\/v2\/types\/product"}],"wp:featuredmedia":[{"embeddable":true,"href":"https:\/\/ovigor.pl\/index.php?rest_route=\/wp\/v2\/media\/7582"}],"wp:attachment":[{"href":"https:\/\/ovigor.pl\/index.php?rest_route=%2Fwp%2Fv2%2Fmedia&parent=8381"}],"wp:term":[{"taxonomy":"product_brand","embeddable":true,"href":"https:\/\/ovigor.pl\/index.php?rest_route=%2Fwp%2Fv2%2Fproduct_brand&post=8381"},{"taxonomy":"product_cat","embeddable":true,"href":"https:\/\/ovigor.pl\/index.php?rest_route=%2Fwp%2Fv2%2Fproduct_cat&post=8381"},{"taxonomy":"product_tag","embeddable":true,"href":"https:\/\/ovigor.pl\/index.php?rest_route=%2Fwp%2Fv2%2Fproduct_tag&post=8381"}],"curies":[{"name":"wp","href":"https:\/\/api.w.org\/{rel}","templated":true}]}}